a factor of 224571397?
False
Does 80 divide 6655289?
False
Does 899 divide 27829670?
False
Is 57723020 a multiple of 1405?
True
Is 961 a factor of 286369351?
True
Is 1779 a factor of 695934640?
False
Is 77849600 a multiple of 10?
True
Is 143 a factor of 7401773808?
True
Is 103 a factor of 25857738?
True
Does 24 divide 267284976?
True
Is 116 a factor of 142919524?
False
Is 86449363 a multiple of 871?
True
Is 2053 a factor of 117885503?
False
Is 486 a factor of 108049458?
False
Does 31 divide 19926831?
True
Is 25 a factor of 4291766?
False
Is 263426954 a multiple of 51?
False
Does 2063 divide 52940706?
True
Is 1797 a factor of 19569330?
True
Is 379 a factor of 6388247?
False
Is 460 a factor of 76871980?
True
Does 17 divide 1159536143?
False
Does 7 divide 31139289?
False
Does 1339 divide 3840856346?
False
Is 3141715983 a multiple of 21?
True
Is 7 a factor of 22836892?
False
Is 41 a factor of 891135?
True
Is 195 a factor of 126566310?
True
Is 39 a factor of 3899389?
False
Does 100 divide 61664099?
False
Does 162 divide 4169081826?
True
Is 3301 a factor of 1790377043?
False
Does 907 divide 2527891?
False
Is 22118877 a multiple of 58?
False
Is 39031251 a multiple of 464?
False
Is 234668271 a multiple of 103?
False
Is 17996472 a multiple of 18?
True
Does 173 divide 162932098?
False
Is 3360 a factor of 621317885?
False
Is 240 a factor of 279741644?
False
Does 22 divide 36910216?
False
Is 189 a factor of 46778823?
True
Is 4 a factor of 9602549?
False
Is 213 a factor of 9565942?
False
Is 114 a factor of 880458024?
True
Is 15 a factor of 239910612?
False
Is 20200188 a multiple of 25?
False
Is 2443 a factor of 639554277?
False
Is 11 a factor of 10294794?
False
Is 15637465 a multiple of 5?
True
Does 7340 divide 1423951755?
False
Is 60163980 a multiple of 9?
False
Does 17 divide 573087748?
True
Is 16 a factor of 40527529?
False
Is 6929 a factor of 96658108?
False
Is 561 a factor of 4571430?
False
Is 109246995 a multiple of 6239?
False
Is 542 a factor of 42524236?
True
Is 3 a factor of 512377876?
False
Is 47 a factor of 60242139?
False
Is 74457442 a multiple of 20?
False
Is 1517 a factor of 905344582?
False
Is 485 a factor of 906129532?
False
Is 69948532 a multiple of 220?
False
Is 40486506 a multiple of 337?
True
Is 363092 a multiple of 86?
True
Does 1023 divide 58460659?
False
Is 531 a factor of 11306583?
True
Does 555 divide 14042444?
False
Is 832468215 a multiple of 2235?
True
Is 39716784 a multiple of 583?
False
Does 11 divide 89478279?
True
Is 494468675 a multiple of 253?
False
Is 2 a factor of 16337122?
True
Is 6077196 a multiple of 9?
True
Is 73 a factor of 648123419?
True
Is 11 a factor of 757508576?
True
Does 90 divide 96027565?
False
Is 1116456814 a multiple of 41?
True
Is 109 a factor of 1924657908?
True
Is 28 a factor of 1738339?
False
Does 913 divide 205743637?
True
Is 13 a factor of 562090659?
True
Is 8 a factor of 125941728?
True
Is 73 a factor of 2163307671?
False
Is 14 a factor of 20939212?
True
Does 655 divide 361268596?
False
Does 10 divide 1243493527?
False
Is 1132 a factor of 1025484926?
False
Does 133 divide 697853041?
False
Is 87782817 a multiple of 3391?
True
Is 1071602671 a multiple of 440?
False
Is 40 a factor of 31421840?
True
Is 3890628284 a multiple of 331?
True
Is 8213296 a multiple of 104?
True
Does 30 divide 36863640?
True
Is 2757654699 a multiple of 16?
False
Does 167 divide 205530813?
False
Does 74 divide 580463696?
True
Is 62 a factor of 145588758?
False
Is 23137590 a multiple of 1195?
True
Is 844548731 a multiple of 69?
False
Does 9 divide 39114311?
False
Does 86 divide 7819605?
False
Is 8103660 a multiple of 6?
True
Is 107610777 a multiple of 603?
True
Is 1724520 a multiple of 2?
True
Is 1474235718 a multiple of 9504?
False
Is 52 a factor of 32929728?
True
Is 49937120 a multiple of 55?
False
Does 12 divide 1088503082?
False
Is 3 a factor of 215213441?
False
Is 4287238 a multiple of 62?
True
Is 1726 a factor of 29633694?
True
Is 13 a factor of 242675579?
False
Is 34967040 a multiple of 20?
True
Does 805 divide 143754752?
False
Is 79 a factor of 1367779851?
True
Is 444 a factor of 11774709?
False
Is 548449 a multiple of 73?
True
Is 8317719 a multiple of 313?
False
Is 14 a factor of 20869674?
True
Is 204246333 a multiple of 783?
True
Is 143626142 a multiple of 221?
False
Is 1012587038 a multiple of 58?
False
Is 55735912 a multiple of 302?
True
Is 436 a factor of 181479332?
True
Is 309 a factor of 149139159?
True
Does 405 divide 3842967?
False
Does 15 divide 154399335?
True
Is 66484236 a multiple of 428?
True
Is 6 a factor of 22164068?
False
Is 606999328 a multiple of 26?
True
Is 339 a factor of 115143061?
False
Does 1117 divide 35100151?
False
Is 25 a factor of 9885432?
False
Is 28 a factor of 45917188?
False
Is 552 a factor of 46636997?
False
Does 7 divide 36549619?
False
Is 12 a factor of 12824766?
False
Is 3061 a factor of 2156722441?
True
Is 584937911 a multiple of 14?
False
Is 61 a factor of 3922874?
False
Does 7 divide 666037043?
True
Does 213 divide 84432620?
False
Is 14021797 a multiple of 3?
False
Is 380830114 a multiple of 12?
False
Is 245 a factor of 249442585?
True
Is 129 a factor of 14730468?
False
Is 40 a factor of 127918360?
True
Does 48 divide 13815204?
False
Is 442 a factor of 159215472?
True
Does 641 divide 67142827?
True
Is 66 a factor of 2037140094?
True
Is 137386171 a multiple of 641?
True
Does 1114 divide 413891791?
False
Is 63239885 a multiple of 7?
False
Does 885 divide 40053123?
False
Is 746 a factor of 20972431?
False
Is 3088 a factor of 724948144?
True
Is 829606 a multiple of 43?
False
Is 2575908 a multiple of 122?
True
Does 10 divide 342726521?
False
Is 13713516 a multiple of 54?
True
Is 62074912 a multiple of 570?
False
Is 28 a factor of 340040456?
True
Is 21461698 a multiple of 1565?
False
Does 15 divide 132750015?
True
Is 1039325832 a multiple of 71?
True
Is 35134752 a multiple of 278?
True
Is 77 a factor of 145295535?
True
Does 330 divide 98083401?
False
Is 1966153 a multiple of 55?
False
Is 416 a factor of 161987876?
False
Does 113 divide 2527036967?
True
Is 40 a factor of 868592317?
False
Is 571 a factor of 235607942?
False
Is 115679080 a multiple of 88?
True
Does 3341 divide 268649810?
True
Is 212 a factor of 3161655?
False
Is 18470187 a multiple of 1229?
False
Is 621 a factor of 90793305?
True
Does 141 divide 5378646?
False
Is 3 a factor of 31323057?
True
Is 716573070 a multiple of 10?
True
Is 162325352 a multiple of 14?
True
Is 1829 a factor of 37957237?
True
Does 20 divide 5142740?
True
Is 8620020 a multiple of 17?
True
Does 16 divide 2698999664?
True
Is 51006860 even?
True
Does 26 divide 3810300?
True
Is 648793089 a multiple of 127?
True
Is 16 a factor of 99207968?
True
Does 210 divide 29777580?
True
Is 642531048 a multiple of 274?
False
Does 624 divide 568877372?
False
Is 398 a factor of 41092185?
False
Is 5862 a factor of 466474512?
True
Is 23278080 a multiple of 640?
True
Is 583321548 a multiple of 103?
True
Is 256 a factor of 74656768?
True
Is 23 a factor of 47606825?
False
Is 313 a factor of 21809840?
True
Does 756 divide 9918720?
True
Is 124026208 a multiple of 12?
False
Is 87 a factor of 624901338?
True
Is 67388744 a multiple of 19?
True
Is 288 a factor of 181178589?
False
Does 2 divide 716455?
False
Is 183 a factor of 39063729?
True
Is 18 a factor of 136588509?
False
Does 194 divide 3771175682?
False
Does 31 divide 15558156?
True
Does 5 divide 102421079?
False
Is 15426742 a multiple of 6?
False
Does 40 divide 427250279?
False
Is 658 a factor of 6169408?
True
Is 23507370 a multiple of 1710?
True
Is 2874639877 a multiple of 2212?
False
Does 5 divide 13977847?
False
Does 70 divide 14737002?
False
Is 216217265 a multiple of 11?
True
Is 390413709 a multiple of 4599?
True
Is 300 a factor of 2310683473?
False
Is 1066912 a multiple of 8?
True
Does 9 divide 993771448?
False
Is 173 a factor of 14698599?
True
Does 1843 divide 16295806?
True
Is 58684879 a multiple of 3701?
False
Is 12043 a factor of 4746194472?
True
Is 811913906 a multiple of 134?
True
Is 149489621 a multiple of 73?
False
Is 529 a factor of 2633366821?
False
Is 19421633 a multiple of 407?
True
Does 106 divide 1324122750?
False
Is 26 a factor of 678296884?
False
Does 1529 divide 15598659?
False
Is 1111791100 a multiple